2.
2, 3, 173
What are the prime factors of 4749?
3, 1583
What are the prime factors of 79504?
2, 4969
List the prime factors of 2075.
5, 83
List the prime factors of 2836.
2, 709
What are the prime factors of 480?
2, 3, 5
What are the prime factors of 7455?
3, 5, 7, 71
List the prime factors of 11967.
3, 3989
What are the prime factors of 4576?
2, 11, 13
What are the prime factors of 11234?
2, 41, 137
List the prime factors of 1570.
2, 5, 157
What are the prime factors of 607?
607
List the prime factors of 58720.
2, 5, 367
What are the prime factors of 12335?
5, 2467
What are the prime factors of 3739?
3739
What are the prime factors of 192?
2, 3
List the prime factors of 21051.
3, 2339
What are the prime factors of 33898?
2, 17, 997
What are the prime factors of 5591?
5591
What are the prime factors of 55667?
55667
List the prime factors of 66245.
5, 13249
What are the prime factors of 19300?
2, 5, 193
List the prime factors of 10829.
7, 13, 17
List the prime factors of 11842.
2, 31, 191
List the prime factors of 24067.
41, 587
List the prime factors of 10052.
2, 7, 359
What are the prime factors of 17458?
2, 7, 29, 43
What are the prime factors of 15032?
2, 1879
What are the prime factors of 4631?
11, 421
List the prime factors of 80.
2, 5
List the prime factors of 12682.
2, 17, 373
What are the prime factors of 5605?
5, 19, 59
List the prime factors of 3314.
2, 1657
What are the prime factors of 8004?
2, 3, 23, 29
What are the prime factors of 14497?
7, 19, 109
List the prime factors of 656.
2, 41
What are the prime factors of 130305?
3, 5, 7, 17, 73
What are the prime factors of 5120?
2, 5
List the prime factors of 26876.
2, 6719
List the prime factors of 25407.
3, 941
List the prime factors of 36073.
36073
List the prime factors of 21232.
2, 1327
What are the prime factors of 5332?
2, 31, 43
List the prime factors of 2978.
2, 1489
What are the prime factors of 20758?
2, 97, 107
What are the prime factors of 58303?
7, 8329
What are the prime factors of 14982?
2, 3, 11, 227
What are the prime factors of 35952?
2, 3, 7, 107
List the prime factors of 38427.
3, 12809
List the prime factors of 3103.
29, 107
What are the prime factors of 46472?
2, 37, 157
What are the prime factors of 139657?
7, 71, 281
What are the prime factors of 991?
991
List the prime factors of 2491.
47, 53
What are the prime factors of 95229?
3, 3527
What are the prime factors of 16347?
3, 5449
List the prime factors of 36268.
2, 9067
List the prime factors of 571.
571
List the prime factors of 1321.
1321
List the prime factors of 1031.
1031
What are the prime factors of 2733?
3, 911
What are the prime factors of 1063?
1063
List the prime factors of 1160.
2, 5, 29
List the prime factors of 31895.
5, 6379
List the prime factors of 27444.
2, 3, 2287
What are the prime factors of 44736?
2, 3, 233
List the prime factors of 35015.
5, 47, 149
What are the prime factors of 15289?
15289
List the prime factors of 23533.
101, 233
What are the prime factors of 13861?
83, 167
List the prime factors of 13056.
2, 3, 17
List the prime factors of 63839.
63839
What are the prime factors of 1846?
2, 13, 71
What are the prime factors of 2111?
2111
What are the prime factors of 19751?
19751
List the prime factors of 7793.
7793
What are the prime factors of 33580?
2, 5, 23, 73
What are the prime factors of 44669?
19, 2351
What are the prime factors of 45550?
2, 5, 911
What are the prime factors of 1598?
2, 17, 47
What are the prime factors of 237?
3, 79
List the prime factors of 9571.
17, 563
List the prime factors of 8913.
3, 2971
List the prime factors of 3026.
2, 17, 89
What are the prime factors of 54885?
3, 5, 3659
List the prime factors of 3397.
43, 79
What are the prime factors of 123?
3, 41
List the prime factors of 130463.
283, 461
List the prime factors of 2180.
2, 5, 109
What are the prime factors of 55105?
5, 103, 107
What are the prime factors of 1121?
19, 59
What are the prime factors of 102722?
2, 51361
What are the prime factors of 10203?
3, 19, 179
List the prime factors of 3446.
2, 1723
List the prime factors of 135939.
3, 113, 401
List the prime factors of 135.
3, 5
List the prime factors of 7362.
2, 3, 409
What are the prime factors of 10224?
2, 3, 71
List the prime factors of 2575.
5, 103
List the prime factors of 20536.
2, 17, 151
What are the prime factors of 1914?
2, 3, 11, 29
What are the prime factors of 34509?
3, 11503
List the prime factors of 2419.
41, 59
List the prime factors of 52026.
2, 3, 13, 23, 29
List the prime factors of 21208.
2, 11, 241
List the prime factors of 176.
2, 11
What are the prime factors of 2863?
7, 409
List the prime factors of 1520.
2, 5, 19
List the prime factors of 38674.
2, 61, 317
List the prime factors of 51893.
51893
What are the prime factors of 14283?
3, 23
List the prime factors of 1910.
2, 5, 191
What are the prime factors of 1234?
2, 617
What are the prime factors of 11496?
2, 3, 479
List the prime factors of 615.
3, 5, 41
List the prime factors of 847.
7, 11
What are the prime factors of 12852?
2, 3, 7, 17
List the prime factors of 6.
2, 3
What are the prime factors of 590?
2, 5, 59
List the prime factors of 3652.
2, 11, 83
List the prime factors of 9277.
9277
What are the prime factors of 811?
811
List the prime factors of 10984.
2, 1373
List the prime factors of 2335.
5, 467
What are the prime factors of 8443?
8443
What are the prime factors of 557?
557
What are the prime factors of 751?
751
List the prime factors of 2497.
11, 227
List the prime factors of 2099.
2099
What are the prime factors of 63918?
2, 3, 53, 67
List the prime factors of 93.
3, 31
List the prime factors of 1895.
5, 379
What are the prime factors of 1078?
2, 7, 11
What are the prime factors of 88707?
3, 29569
What are the prime factors of 69455?
5, 29, 479
What are the prime factors of 9985?
5, 1997
List the prime factors of 12997.
41, 317
List the prime factors of 120966.
2, 3, 20161
What are the prime factors of 19962?
2, 3, 1109
What are the prime factors of 27544?
2, 11, 313
What are the prime factors of 972?
2, 3
List the prime factors of 4223.
41, 103
List the prime factors of 880.
2, 5, 11
List the prime factors of 238.
2, 7, 17
List the prime factors of 7565.
5, 17, 89
What are the prime factors of 7628?
2, 1907
List the prime factors of 37.
37
List the prime factors of 952.
2, 7, 17
What are the prime factors of 52483?
31, 1693
List the prime factors of 68199.
3, 127, 179
What are the prime factors of 441?
3, 7
List the prime factors of 1488.
2, 3, 31
List the prime factors of 4201.
4201
List the prime factors of 32638.
2, 16319
List the prime factors of 2991.
3, 997
List the prime factors of 44429.
7, 11, 577
List the prime factors of 17861.
53, 337
What are the prime factors of 20026?
2, 17, 19, 31
List the prime factors of 6566.
2, 7, 67
List the prime factors of 2229.
3, 743
List the prime factors of 670.
2, 5, 67
List the prime factors of 1644.
2, 3, 137
What are the prime factors of 12286?
2, 6143
List the prime factors of 913.
11, 83
What are the prime factors of 100172?
2, 79, 317
What are the prime factors of 283?
283
What are the prime factors of 3119?
3119
List the prime factors of 1254.
2, 3, 11, 19
List the prime factors of 4485.
3, 5, 13, 23
What are the prime factors of 1531?
1531
List the prime factors of 540.
2, 3, 5
What are the prime factors of 1462?
2, 17, 43
What are the prime factors of 5856?
2, 3, 61
What are the prime factors of 34226?
2, 109, 157
List the prime factors of 4545.
3, 5, 101
List the prime factors of 3380.
2, 5, 13
What are the prime factors of 141169?
7, 43, 67
What are the prime factors of 74159?
74159
What are the prime factors of 40143?
3, 13381
List the prime factors of 458.
2, 229
List the prime factors of 554.
2, 277
What are the prime factors of 12720?
2, 3, 5, 53
List the prime factors of 5749.
5749
List the prime factors of 176921.
176921
What are the prime factors of 161?
7, 23
What are the prime factors of 528?
2, 3, 11
List the prime factors of 150859.
257, 587
What are the prime factors of 86348?
2, 21587
List the prime factors of 51516.
2, 3, 53
List the prime factors of 10142.
2, 11, 461
What are the prime factors of 21810?
2, 3, 5, 727
List the prime factors of 17549.
7, 23, 109
What are 